ime factors of 1678.
2, 839
List the prime factors of 13509.
3, 19, 79
What are the prime factors of 185?
5, 37
What are the prime factors of 42992?
2, 2687
List the prime factors of 8591.
11, 71
List the prime factors of 68712.
2, 3, 7, 409
What are the prime factors of 2503?
2503
List the prime factors of 15184.
2, 13, 73
What are the prime factors of 396?
2, 3, 11
List the prime factors of 41518.
2, 20759
What are the prime factors of 34476?
2, 3, 13, 17
List the prime factors of 23212.
2, 7, 829
List the prime factors of 5321.
17, 313
What are the prime factors of 15690?
2, 3, 5, 523
List the prime factors of 19677.
3, 7, 937
List the prime factors of 1451.
1451
What are the prime factors of 34416?
2, 3, 239
What are the prime factors of 3058?
2, 11, 139
List the prime factors of 5279.
5279
What are the prime factors of 20120?
2, 5, 503
List the prime factors of 4145.
5, 829
List the prime factors of 2360.
2, 5, 59
List the prime factors of 35589.
3, 11863
List the prime factors of 75180.
2, 3, 5, 7, 179
List the prime factors of 3444.
2, 3, 7, 41
What are the prime factors of 5225?
5, 11, 19
What are the prime factors of 3820?
2, 5, 191
List the prime factors of 6148.
2, 29, 53
What are the prime factors of 803?
11, 73
List the prime factors of 132199.
132199
What are the prime factors of 23704?
2, 2963
What are the prime factors of 14280?
2, 3, 5, 7, 17
List the prime factors of 31960.
2, 5, 17, 47
List the prime factors of 57329.
57329
List the prime factors of 28585.
5, 5717
What are the prime factors of 310?
2, 5, 31
What are the prime factors of 5218?
2, 2609
What are the prime factors of 2077?
31, 67
What are the prime factors of 3539?
3539
What are the prime factors of 10914?
2, 3, 17, 107
What are the prime factors of 15591?
3, 5197
What are the prime factors of 156901?
156901
What are the prime factors of 941?
941
List the prime factors of 11760.
2, 3, 5, 7
List the prime factors of 26827.
139, 193
What are the prime factors of 3422?
2, 29, 59
List the prime factors of 796.
2, 199
List the prime factors of 114467.
114467
What are the prime factors of 1420?
2, 5, 71
List the prime factors of 4281.
3, 1427
List the prime factors of 63722.
2, 151, 211
What are the prime factors of 15515?
5, 29, 107
List the prime factors of 6487.
13, 499
What are the prime factors of 1014?
2, 3, 13
List the prime factors of 6689.
6689
List the prime factors of 64715.
5, 7, 43
List the prime factors of 24118.
2, 31, 389
What are the prime factors of 5903?
5903
What are the prime factors of 42655?
5, 19, 449
What are the prime factors of 65485?
5, 7, 1871
List the prime factors of 9553.
41, 233
List the prime factors of 10431.
3, 19, 61
What are the prime factors of 596?
2, 149
List the prime factors of 82623.
3, 27541
List the prime factors of 291.
3, 97
What are the prime factors of 1543?
1543
What are the prime factors of 2550?
2, 3, 5, 17
What are the prime factors of 22350?
2, 3, 5, 149
What are the prime factors of 9761?
43, 227
What are the prime factors of 1034?
2, 11, 47
List the prime factors of 101208.
2, 3, 4217
What are the prime factors of 781?
11, 71
List the prime factors of 32019.
3, 13, 821
What are the prime factors of 806?
2, 13, 31
What are the prime factors of 1141?
7, 163
List the prime factors of 20924.
2, 5231
What are the prime factors of 5632?
2, 11
List the prime factors of 10352.
2, 647
What are the prime factors of 1468?
2, 367
What are the prime factors of 1859?
11, 13
What are the prime factors of 17204?
2, 11, 17, 23
List the prime factors of 84002.
2, 97, 433
List the prime factors of 77255.
5, 15451
What are the prime factors of 3929?
3929
What are the prime factors of 2172?
2, 3, 181
What are the prime factors of 2181?
3, 727
List the prime factors of 4553.
29, 157
List the prime factors of 5057.
13, 389
What are the prime factors of 5777?
53, 109
List the prime factors of 14297.
17, 29
List the prime factors of 516.
2, 3, 43
List the prime factors of 17074.
2, 8537
List the prime factors of 3778.
2, 1889
List the prime factors of 18817.
31, 607
List the prime factors of 828.
2, 3, 23
List the prime factors of 3028.
2, 757
List the prime factors of 24044.
2, 6011
List the prime factors of 2518.
2, 1259
What are the prime factors of 4419?
3, 491
List the prime factors of 11059.
11059
What are the prime factors of 30368?
2, 13, 73
What are the prime factors of 760?
2, 5, 19
List the prime factors of 22057.
7, 23, 137
What are the prime factors of 1190?
2, 5, 7, 17
List the prime factors of 547.
547
What are the prime factors of 100505?
5, 20101
List the prime factors of 3340.
2, 5, 167
What are the prime factors of 9492?
2, 3, 7, 113
What are the prime factors of 829?
829
What are the prime factors of 10694?
2, 5347
What are the prime factors of 9074?
2, 13, 349
List the prime factors of 48481.
48481
What are the prime factors of 117495?
3, 5, 7, 373
List the prime factors of 28044.
2, 3, 19, 41
List the prime factors of 800.
2, 5
What are the prime factors of 13093?
13093
What are the prime factors of 582?
2, 3, 97
What are the prime factors of 4807?
11, 19, 23
What are the prime factors of 1668?
2, 3, 139
List the prime factors of 70699.
19, 61
List the prime factors of 2048.
2
What are the prime factors of 45400?
2, 5, 227
List the prime factors of 12243.
3, 7, 11, 53
List the prime factors of 1469.
13, 113
List the prime factors of 764.
2, 191
What are the prime factors of 271?
271
List the prime factors of 108828.
2, 3, 3023
List the prime factors of 10040.
2, 5, 251
What are the prime factors of 12375?
3, 5, 11
List the prime factors of 7100.
2, 5, 71
List the prime factors of 2184.
2, 3, 7, 13
What are the prime factors of 7034?
2, 3517
List the prime factors of 62322.
2, 3, 13, 17, 47
What are the prime factors of 3989?
3989
List the prime factors of 16790.
2, 5, 23, 73
List the prime factors of 74747.
74747
What are the prime factors of 3885?
3, 5, 7, 37
List the prime factors of 10571.
11, 31
List the prime factors of 2253.
3, 751
What are the prime factors of 12414?
2, 3, 2069
List the prime factors of 162175.
5, 13, 499
What are the prime factors of 293?
293
List the prime factors of 1124.
2, 281
What are the prime factors of 50311?
50311
List the prime factors of 54960.
2, 3, 5, 229
What are the prime factors of 3284?
2, 821
List the prime factors of 16822.
2, 13, 647
List the prime factors of 18.
2, 3
What are the prime factors of 439?
439
List the prime factors of 6018.
2, 3, 17, 59
What are the prime factors of 43035?
3, 5, 19, 151
What are the prime factors of 29861?
13, 2297
What are the prime factors of 68708?
2, 89, 193
What are the prime factors of 9425?
5, 13, 29
List the prime factors of 4668.
2, 3, 389
What are the prime factors of 12785?
5, 2557
What are the prime factors of 10889?
10889
What are the prime factors of 198?
2, 3, 11
What are the prime factors of 5699?
41, 139
List the prime factors of 14124.
2, 3, 11, 107
List the prime factors of 808.
2, 101
What are the prime factors of 20867?
7, 11, 271
What are the prime factors of 4888?
2, 13, 47
What are the prime factors of 69202?
2, 7, 4943
List the prime factors of 12041.
12041
List the prime factors of 10423.
7, 1489
List the prime factors of 339.
3, 113
What are the prime factors of 3656?
2, 457
List the prime factors of 50125.
5, 401
List the prime factors of 9300.
2, 3, 5, 31
List the prime factors of 7937.
7937
What are the prime factors of 2332?
2, 11, 53
What are the prime factors of 8636?
2, 17, 127
List the prime factors of 2366.
2, 7, 13
List the prime factors of 53483.
79, 677
What are the prime factors of 63937?
17, 3761
What are the prime factors of 3035?
5, 607
What are the prime factors of 35164?
2, 59, 149
List the prime factors of 9747.
3, 19
List the prime factors of 741.
3, 13, 19
List the prime factors of 4093.
4093
List the prime factors of 797.
797
List the prime factors of 1037.
17, 61
List the prime factors of 105587.
17, 6211
List the prime factors of 1887.
3, 17, 37
What are the prime factors of 16555?
5, 7, 11, 43
What are the prime factors of 371?
7, 53
List the prime factors of 1141.
7, 163
List the prime factors of 3710.
2, 5, 7, 53
What are the prime factors of 694?
2, 347
What are the prime factors o